n. What are the prime factors of n?
2, 3, 2267
Suppose -35 = -7*j - 7. Let f(b) = 12*b**3 + 11*b**2 + 3*b - 6. List the prime factors of f(j).
2, 5, 19
Suppose -58158 = 80*r - 315495 - 233783. What are the prime factors of r?
7, 877
What are the prime factors of 33/209 + (-3873940)/(-532)?
2, 11, 331
Let s(p) = p**3 + 9*p**2 + 2*p - 3. Let g(q) = 4*q + 22. Let y be g(-14). Let j = 26 + y. List the prime factors of s(j).
3, 5
Suppose 513 = -123*i + 122*i. Let v = i - -1455. Suppose 18*k = 12*k + v. What are the prime factors of k?
157
Suppose o = -x + 3*o + 491, 0 = 3*x + 4*o - 1453. Suppose -3*c + x = 5*w, -5*c + 492 = 4*w - 298. Let a = c - 76. List the prime factors of a.
2, 3, 13
Let l = -992 + 1159. List the prime factors of l.
167
Let n = 17848 + -6420. List the prime factors of n.
2, 2857
List the prime factors of 4/(-14) + (-1396672)/(-112).
2, 5, 29, 43
Let n(p) = 85*p**2 - 58*p + 51. What are the prime factors of n(6)?
3, 307
Suppose 25*h + 4*i - 28190 = 20*h, -3*h + 14*i + 16914 = 0. What are the prime factors of h?
2, 2819
Let k(a) = 16*a - 11 + 15*a + 428*a**2 - 35*a + 8. What are the prime factors of k(-1)?
3, 11, 13
Let t(s) = -7*s + 0*s - 27 + 15*s - 5*s. Let a be t(10). Suppose -a*x + 295 = 2*x. List the prime factors of x.
59
What are the prime factors of (3/(-2))/((-15)/13960)?
2, 349
Let g = 36810 - 25966. What are the prime factors of g?
2, 2711
Let c(g) = 9*g**3 - 2*g**2 + 2. Suppose 23*p - 19*p = 28. Suppose 13 - p = 3*i. List the prime factors of c(i).
2, 3, 11
Let w = -156 - -159. Let f(t) = 122*t**2 + 5*t - 10. What are the prime factors of f(w)?
1103
What are the prime factors of (-5301425)/(-225) - 2/(-18)?
2, 3, 7, 11, 17
Suppose -4*v = v. Suppose 0 = 4*a - 5*a - 4*a. Suppose -4*y - 16 = v, 4*k + a*y + 4*y - 436 = 0. What are the prime factors of k?
113
Let p be (2 - 2) + 2 + -2. Let k be (150/(-35))/(70/(-392)). What are the prime factors of (p - 52/(-16))/(3/k)?
2, 13
Let p = -3 + 178. Suppose 4*d + 2872 = 4*i, 5*d = -4*i + 2688 + p. What are the prime factors of i?
3, 239
Let d = -834 - -1018. Let h = d + -166. What are the prime factors of h?
2, 3
Let z(s) = s**3 - 6*s**2 + 7*s. Let l be -51 - -12 - (1 + -1)/1. Let m = 46 + l. What are the prime factors of z(m)?
2, 7
Let z(d) = 10*d - 20. Let u be z(11). List the prime factors of 36660/u + (-1)/3 + -2.
3, 5
Suppose m - 2*r - 9 = 0, -r - r - 42 = -4*m. Suppose 5*t + 5 = 30, 2*t + m = -3*d. Let u(v) = v**2 + 15. List the prime factors of u(d).
2
Suppose -5*l = 2*w - 56186 - 26173, l - 3 = 0. List the prime factors of w.
2, 3, 47, 73
List the prime factors of ((-4)/(-6))/((657/(-1584903))/(-10 - -1)).
2, 7237
Let p(f) be the first derivative of 33*f**3 + f**2 + 13*f + 44. What are the prime factors of p(3)?
2, 5, 7, 13
Let v(w) = 63*w**3 - 5*w**2 - 6*w - 18. List the prime factors of v(8).
2, 5, 3187
Let l be (70/14)/(2/(-10)). List the prime factors of (79 - -3)/((-10)/l).
5, 41
Let a = 0 - -2. Let y be 21*(2 + -6)*1/a. List the prime factors of 28/y*318/(-4).
53
Suppose 28*c + 28*c - 33*c = 5336. What are the prime factors of c?
2, 29
Let u = 37613 + -18301. What are the prime factors of u?
2, 17, 71
Suppose 2*o = 2*u + 24983 + 23119, 0 = -o - 4*u + 24031. List the prime factors of o.
139, 173
What are the prime factors of -45618*(66/(-297) - 1/(-18))?
7603
Suppose 51*i + 56*i = 148088. List the prime factors of i.
2, 173
Suppose w + 7030 = g, -116*g + 117*g + 5*w = 7054. List the prime factors of g.
2, 3517
Suppose 4*g + 4*j = g + 19, 3*g = 3*j + 33. Let v = 11 - g. What are the prime factors of v/10 - 1456/(-70)?
3, 7
Let b = -6655 + 10339. What are the prime factors of b?
2, 3, 307
Let c = 343 + -331. What are the prime factors of (-718*2/c)/((-6)/54)?
3, 359
Let u = 134 + -132. Let d be 0 + -6*u/(-4). List the prime factors of (-7)/21 + 241/d.
2, 5
Let k = -20758 - -53264. List the prime factors of k.
2, 16253
Suppose -4*a = -6*a + c + 57, 4*c = 5*a - 144. Let d be 2/4 + 60/24. Suppose -m = -4*j - 2 - 21, a = m - d*j. List the prime factors of m.
43
What are the prime factors of (-28)/49 - 120320/70*-10?
2, 4297
Let h(l) = -l**2 + 20*l**3 - 2*l - 12 + 8*l**2 - 38*l**3 + 17*l**3. Let o be h(7). Let v = 115 + o. List the prime factors of v.
89
Let a(q) be the first derivative of -2*q**2 - 4*q - 6. Suppose 4*t + 12 = -2*j, 11*t - 6*t + 14 = -2*j. List the prime factors of a(j).
2
Suppose -2827413 = -186*u - 75*u. List the prime factors of u.
3, 23, 157
Suppose -3*w - 2*s = -47146 - 12057, 3*w - 5*s = 59189. What are the prime factors of w?
7, 2819
Suppose 4*g + 4 = -0*f + 3*f, 5*g + 5 = 4*f. What are the prime factors of 511 - g/3*15?
2, 3, 43
Suppose 16 + 8 = 4*f - 4*k, -5*k = 5*f + 20. Let o be (-40)/(0 - -2) - (1 + f). What are the prime factors of -1 - (5/1 - -1)*o?
131
Suppose 3*z = 7*z + 3*m - 14, 5*z - m = 8. Suppose -4*j - 275 = c, -1393 = z*c + 3*c + 2*j. Let l = 510 + c. What are the prime factors of l?
3, 7, 11
Let h = -175 + 505. Suppose -28*f = -18*f - h. List the prime factors of f.
3, 11
Let q(c) = -4*c**2 - 2*c - 21. Let o(v) = 2*v**2 + v + 11. Let x be (-9)/3 + 6 + 3. Let a(s) = x*q(s) + 13*o(s). List the prime factors of a(-5).
2, 31
Let i(q) be the second derivative of 3*q**5/20 - 5*q**4/3 + 77*q**3/6 - 11*q**2/2 + 17*q. List the prime factors of i(8).
3, 7, 41
Let l = 172 + -117. Suppose 52*f = l*f - 312. Suppose 0 = v - 4*c - 75 + 23, c = -3*v + f. What are the prime factors of v?
2, 3
Let v(u) be the first derivative of u**2 + 24 - 7*u**2 - 2*u**4 + 8*u**2 - u**3. List the prime factors of v(-2).
2, 11
Suppose 0 = -7*w + 8049 - 21846. Let u = -1008 - w. List the prime factors of u.
3, 107
Suppose -6*i - 11 = -7*i. Let j(p) = 18*p - i*p + 3 - 8*p + 7. What are the prime factors of j(-18)?
2, 7
Suppose -4*w - 8*f + 3*f + 75 = 0, 3*f - 9 = 0. Let a(j) = j**3 - 10*j**2 - 5*j + 23. List the prime factors of a(w).
29, 37
Suppose -24058 = -2*p + 2*f, 48*f - 48123 = -4*p + 51*f. List the prime factors of p.
2, 3, 17, 59
Suppose -q + 2*i + 832 = 0, 11*i = -3*q + 8*i + 2460. Suppose 116 = -2*u + q. List the prime factors of u.
2, 3, 59
Let g(x) be the second derivative of -x**5/10 - 5*x**4/12 + 3*x**3 + 9*x**2 + 5*x + 8. What are the prime factors of g(-5)?
53
Let o = -20 - 182. Let x = -177 - o. What are the prime factors of x?
5
List the prime factors of 8/168*14*30*2174/8.
5, 1087
Suppose 0 = -f - 3*i + 50, 6*i - 10*i = -5*f + 288. What are the prime factors of 1/8 - (-10689)/f?
191
Suppose 4*z - 17532 = -4*y, -121*z = -125*z - y + 17523. What are the prime factors of z?
2, 3, 5, 73
What are the prime factors of (-120)/192*8 + 10174?
10169
What are the prime factors of 34*2694/54 - 40/180?
2, 53
Let v(a) = -25*a + 132. Suppose 0 = o + 18*o + 304. What are the prime factors of v(o)?
2, 7, 19
Suppose 214029 = 26*f + 22747. List the prime factors of f.
7, 1051
Let i(f) = -2*f + 5. Let a be i(-2). Suppose 5*y - a*y = -36. Suppose y*o - 1104 = o. What are the prime factors of o?
2, 3, 23
List the prime factors of ((-46)/6)/((-5592)/5589 + 1).
3, 23
Suppose -3*v + 5*n + 15021 = -148825, -5*n = -5*v + 273050. What are the prime factors of v?
2, 23, 1187
Let s = -2238 - -5473. List the prime factors of s.
5, 647
Suppose 5 = -4*g - 12*l + 9*l, -3*g - 5*l = 12. Suppose 2*i - d = -4*d + 148, i = 3*d + 56. Let r = i + g. List the prime factors of r.
3, 23
Let d = 27 + -26. Suppose 49*o = 45*o - 24. What are the prime factors of (-56)/o - d/3?
3
Let m(l) = 9*l**3 - l**2 + 51*l - 274. List the prime factors of m(14).
2, 5, 29, 43
Let f = 84 + -56. Let r be 6 + 2*5/(-40)*-28. Let u = f - r. What are the prime factors of u?
3, 5
Let w = 36 - 31. Suppose -9*p + 5*p + w*g + 1295 = 0, g = -3. List the prime factors of p.
2, 5
Let u(w) = -2*w - 5. Let q = 100 - 120. Let r be u(q). Suppose -r*m = -31*m - 1052. What are the prime factors of m?
263
Suppose 59*w = 66*w + 196. What are the prime factors of (-3 - 1095/(-10))/((-6)/w)?
7, 71
Let i = -21 + 22. Let l be 4/4 + i + -4. List the prime factors of -4 + 4/l + 64.
2, 29
List the prime factors of (1006/2)/((-1)/(-5)) - (-3162)/1581.
3, 839
Suppose -q + 102 = 2*q - 2*g, -3*g + 81 = 2*q. Let a be (-72)/168 - (-184)/(-28). Let w = a + q. What are the prime factors of w?
29
Suppose -4*y = 2*a - 98750, -3*a = -2*y - 